at is 202122210 (base 3) in base 8?
35324
Convert 260223 (base 7) to base 14.
13783
Convert -2743 (base 10) to base 4.
-222313
-6321 (base 8) to base 16
-cd1
Convert -26d (base 14) to base 2.
-111101001
24080 (base 9) to base 13
7443
Convert 3239 (base 13) to base 6.
52145
Convert -7ba (base 16) to base 13.
-b92
What is -c0 (base 16) in base 5?
-1232
-20121 (base 3) to base 6
-454
11001010100 (base 2) to base 9
2200
24367 (base 11) to base 6
430122
Convert -27a (base 11) to base 13.
-1c4
c82 (base 16) to base 11
2451
24720 (base 8) to base 11
8051
-881 (base 10) to base 6
-4025
Convert -4881 (base 10) to base 14.
-1ac9
What is -41314 (base 6) in base 10?
-5518
What is -111122 (base 3) in base 4?
-11300
Convert 2b54 (base 12) to base 5.
130404
-193c (base 14) to base 5
-121222
What is 526 (base 7) in base 12?
1a1
What is 10332 (base 14) in base 11?
27379
What is 21366 (base 11) in base 7?
156343
Convert -840 (base 9) to base 10.
-684
What is -2156 (base 16) in base 8?
-20526
What is -38406 (base 9) in base 13?
-b9c1
Convert 5022 (base 7) to base 11.
1334
-117c1 (base 14) to base 3
-2011120112
337 (base 10) to base 8
521
Convert -101011000010 (base 2) to base 6.
-20430
What is -852 (base 16) in base 5?
-32010
Convert -4811 (base 10) to base 3.
-20121012
Convert -6170 (base 10) to base 9.
-8415
What is 1111101111001 (base 2) in base 6?
101145
What is -120220 (base 3) in base 9?
-526
What is 3144 (base 7) in base 8?
2126
Convert -1649 (base 12) to base 4.
-221121
-10162 (base 10) to base 4
-2132302
Convert -203122 (base 4) to base 10.
-2266
What is -1001111000 (base 2) in base 6?
-2532
Convert -3245 (base 12) to base 4.
-1112111
301232 (base 5) to base 7
36615
Convert 17b (base 14) to base 10.
305
-14c00 (base 13) to base 9
-60012
What is -51535 (base 7) in base 2?
-11000101001011
-34500 (base 7) to base 9
-13080
What is 3422 (base 8) in base 14?
934
Convert 215 (base 7) to base 6.
302
Convert -1fd (base 16) to base 9.
-625
Convert -209 (base 15) to base 8.
-713
-84b4 (base 14) to base 7
-123514
What is -22102002 (base 3) in base 2?
-1011111110011
What is -40a6 (base 12) in base 14?
-27ca
What is -32435 (base 7) in base 9?
-12112
Convert -110010010100110 (base 2) to base 5.
-1311031
-244 (base 9) to base 13
-127
What is -6a25 (base 12) in base 16?
-2e3d
Convert -300232 (base 4) to base 10.
-3118
-3157a (base 12) to base 9
-107734
What is 11001001100111 (base 2) in base 13?
5b47
Convert 19470 (base 10) to base 13.
8b29
-4224 (base 5) to base 7
-1434
1211110102 (base 3) to base 14
d1d6
-cec6 (base 15) to base 4
-22230330
What is 4310 (base 5) in base 8?
1104
What is -7774 (base 8) in base 11?
-3090
Convert b5f5 (base 16) to base 3.
2100220020
What is -63 (base 16) in base 10?
-99
Convert -142526 (base 7) to base 15.
-8192
391 (base 10) to base 9
474
13073 (base 10) to base 2
11001100010001
What is 57418 (base 9) in base 10?
38249
What is 24e (base 16) in base 3?
210212
Convert 265 (base 15) to base 6.
2305
Convert -1010000110001010 (base 2) to base 16.
-a18a
-a8b7 (base 14) to base 15
-8999
-76 (base 11) to base 4
-1103
142213 (base 6) to base 14
4ca5
c8e (base 16) to base 3
11102001
Convert -320 (base 10) to base 7.
-635
What is 1b2c (base 14) in base 15?
16e5
21a9 (base 13) to base 14
19dc
What is -15540 (base 7) in base 8?
-10445
Convert -1b2 (base 14) to base 11.
-2a0
What is -35e (base 16) in base 3?
-1011221
Convert -23721 (base 8) to base 4.
-2133101
110031 (base 4) to base 2
10100001101
Convert 24330 (base 5) to base 7.
5236
What is -32027 (base 8) in base 2?
-11010000010111
Convert 55333 (base 6) to base 2.
1111000001001
Convert -1df (base 16) to base 8.
-737
Convert -4a80 (base 11) to base 13.
-3025
Convert -28e9 (base 16) to base 9.
-15326
-3241 (base 5) to base 7
-1205
Convert 784 (base 12) to base 6.
5044
What is 85a (base 13) in base 6?
10335
Convert -304234 (base 6) to base 12.
-1207a
What is 123005 (base 8) in base 16?
a605
What is 3a0c (base 13) in base 14?
3045
What is -121102120 (base 3) in base 14?
-4516
Convert -74 (base 14) to base 16.
-66
What is -131224 (base 8) in base 16?
-b294
-1342224 (base 5) to base 10
-27814
What is -1330324 (base 5) in base 7?
-141420
What is -55655 (base 10) in base 3?
-2211100022
What is 88d7 (base 16) in base 4?
20203113
-3733 (base 9) to base 12
-1740
What is 6214 (base 12) in base 2?
10100110110000
-33023212 (base 4) to base 16
-f2e6
Convert -2c (base 13) to base 14.
-2a
What is 743 (base 13) in base 11?
a26
Convert 13ab (base 14) to base 13.
177c
1144 (base 7) to base 4
12220
1125 (base 9) to base 4
31001
What is -203040 (base 8) in base 3?
-10102001100
Convert 220210102 (base 3) to base 5.
1034244
What is -93f1 (base 16) in base 10?
-37873
Convert -3340 (base 11) to base 6.
-32212
What is -1754 (base 14) in base 15?
-1395
What is -191 (base 10) in base 14?
-d9
Convert 5837 (base 9) to base 15.
1437
What is 890 (base 13) in base 4?
112331
Convert -7468 (base 12) to base 15.
-3ba2
What is 3b53 (base 14) in base 9?
15313
Convert 566 (base 12) to base 13.
495
What is 478 (base 10) in base 6?
2114
What is -20310 (base 4) in base 12?
-3b0
-1001100111100 (base 2) to base 10
-4924
What is -17b83 (base 12) in base 2?
-1000011011010011
2322 (base 14) to base 8
13732
Convert 3cf (base 16) to base 8.
1717
What is 65d (base 15) in base 3?
1222021
212022 (base 3) to base 8
1165
-4939 (base 15) to base 3
-210101000
What is -3543 (base 11) in base 2?
-1001000100101
What is 5b7 (base 15) in base 6?
10001
101011001111101 (base 2) to base 13
a102
What is -1540 (base 6) in base 5?
-3140
What is 11122301 (base 4) in base 6?
250425
Convert 233110 (base 4) to base 5.
44103
What is -321013 (base 4) in base 12?
-2147
-11043 (base 6) to base 16
-603
Convert -1222221100 (base 3) to base 5.
-2224241
What is -611 (base 14) in base 7?
-3321
What is 332 (base 9) in base 15?
132
What is -1208b (base 12) in base 3?
-1020022222
68a0 (base 14) to base 8
43374
What is 55051 (base 6) in base 8?
16647
Convert 34041 (base 5) to base 2.
100101011100
What is 4161 (base 7) in base 15?
679
101111001000 (base 2) to base 5
44031
5404 (base 6) to base 10
1228
What is -1530 (base 10) in base 8?
-2772
What is -bb4 (base 12) in base 4?
-122320
Convert 1101201020 (base 3) to base 13.
c68a
Convert -11011111011 (base 2) to base 16.
-6fb
Convert 4021 (base 5) to base 12.
367
Convert -1111202 (base 4) to base 10.
-5474
-11001020 (base 3) to base 2
-101110000101
What is 11101111 (base 2) in base 9?
285
-344 (base 13) to base 16
-233
Convert -2d6 (base 14) to base 16.
-244
What is -1453e (base 16) in base 10?
-83262
What is -273 (base 10) in base 14?
-157
Convert 677 (base 14) to base 4.
110001
What is -1552 (base 8) in base 15?
-3d4
Convert -4174 (base 13) to base 10.
-9052
Convert 58a8 (base 13) to base 6.
133431
Convert 8537 (base 10) to base 7.
33614
Convert 202032 (base 4) to base 11.
1711
Convert 22612 (base 7) to base 8.
13237
What is 245 (base 15) in base 3?
201002
7203 (base 13) to base 11
108a1
Convert 801 (base 10) to base 12.
569
What is 3950b (base 12) in base 4?
103022123
2663 (base 11) to base 10
3457
Convert 7156 (base 9) to base 4.
1101303
200 (base 11) to base 15
112
-1297 (base 10) to base 9
-1701
What is 27e7 (base 16) in base 4?
2133213
Convert -333c (base 15) to base 9.
-15803
What is 233 (base 16) in base 7?
1433
21448 (base 10) to base 16
53c8
Convert 6773 (base 8) to base 11.
2764
What is 30231003 (base 4) in base 10?
52035
What is -9c2 (base 15) in base 6?
-14115
What is 5e6 (base 15) in base 11?
100a
What is 1014313 (base 5) in base 10?
16833
Convert 1810 (base 16) to base 2.
1100000010000
Convert -632 (base 9) to base 3.
-201002
-1101010000 (base 2) to base 4
-31100
Convert 187 (base 9) to base 10.
160
Convert -401102 (base 5) to base 8.
-30554
Convert 3561 (base 16) to base 5.
414130
Convert 33a1 (base 12) to base 10.
5737
Convert -171 (base 9) to base 7.
-265
What is 3d4 (base 15) in base 12?
60a
3b0 (base 14) to base 9
1014
What is -66120 (base 7) in base 9?
-24603
What is 4248 (base 12) in base 9?
10852
Convert -2032 (base 7) to base 15.
-324
What is 13112 (base 4) in base 7?
1241
Convert 123141 (base 6) to base 3.
120012021
-10035 (base 10) to base 4
-2130303
What is 2032 (base 6) in base 13?
28a
10221012 (base 